 127*n - 378572, -5*j = 0. What is the hundreds digit of n?
6
Let j = 48073 + -21548. What is the tens digit of j?
2
Suppose 4*v = -4*w + 86388, -w + 18198 + 89779 = 5*v. What is the tens digit of v?
9
Let h be ((-2)/2)/(7/14). Let q be 7/h + (-2)/4 - -6. Suppose 0 = -j - q*p + 190, 2*p + p - 735 = -4*j. What is the units digit of j?
0
Let c be 188/28 + (-2)/(-7). Let a = 2 - c. What is the tens digit of (a + 1 - -35) + 1?
3
Suppose 13*c = 17*c - 28. Suppose s + c*s = 3592. What is the units digit of s?
9
Suppose 28*d + 6 = 26*d. Let n(i) = 46*i**2 - 4*i - 3. What is the units digit of n(d)?
3
Let j = 1950 + -818. Suppose 4*i + 2*g = -0*i + j, 3*i + 2*g = 847. What is the units digit of i?
5
Let b = 3654 + 1123. What is the thousands digit of b?
4
Let h be (-25 + 17)/(1/(7/(-2))). Suppose 0 = -h*l + 19*l + 1989. What is the tens digit of l?
2
Let d = 125 - 122. Suppose -3*a + 2*q - 792 = 5*q, 0 = d*a - q + 792. Let p = a - -508. What is the tens digit of p?
4
Suppose 3*i = -2*q + 3598, -q + 0*q = -3*i + 3601. Suppose 6*s - 4*o - 2414 = 4*s, -5*o = s - i. What is the units digit of s?
5
Suppose -4*l = -4*v - 28, -4*l = 3*v - 2 - 5. Suppose -m + l*s = 5*s - 488, -5*s + 1458 = 3*m. What is the units digit of m?
1
Let b(s) = s**2 - 171*s + 8261. What is the tens digit of b(0)?
6
Let a(f) = f**3 - 2*f - 4. Let h be a(4). Let i = h - 48. Suppose -v - 160 = -2*d - 0*d, -d + 71 = i*v. What is the units digit of d?
9
Let n(u) = -u**3 - 68*u**2 + 54*u + 471. What is the units digit of n(-70)?
1
Suppose 3*f - 447 = -5*y, 4*y - 356 = -0*y - 4*f. Let i = -92 + y. What is the tens digit of i + (-3 + (-225)/(-1) - -2)?
2
Suppose 4*k - 23039 + 883 = 0. Suppose 1021 = 32*c - k. What is the hundreds digit of c?
2
Suppose 42833 - 417518 - 237828 = -23*k. What is the thousands digit of k?
6
Let n = 18211 - -2484. What is the units digit of n?
5
Suppose -50*h + 150750 = -20*h. What is the tens digit of h?
2
Let v(r) = 7*r - 14. Let c be v(3). Suppose -3*b - 17 = -5*g + 28, -b - g = c. Let i = b - -36. What is the units digit of i?
6
Suppose 3*i - y = 5023, -5*y - 16 = -y. What is the tens digit of i?
7
Let j(f) = f**3 + 16*f**2 - 53. Let c be j(-16). Let r = c - -398. What is the hundreds digit of r?
3
Let o = 9554 - 1771. What is the thousands digit of o?
7
Let c(u) = u**3 + 8*u**2 + 9*u + 13. Let n be c(-7). What is the tens digit of n*122*(-4 + 14/4)?
6
Let d(o) = o**3 - 9*o**2 - o + 9. Let i be d(9). Let c be (-3 + 2 - (i - 0))*-53. Suppose -3*w = -2*w - c. What is the units digit of w?
3
Let c(o) = o**2 + 15*o + 212. Let p be c(-17). Let h = -214 + p. What is the tens digit of h?
3
Suppose 0 = 9*n + 11*n - 3580. Let d = 457 - n. What is the hundreds digit of d?
2
Let n(d) = -158*d - 613. What is the tens digit of n(-16)?
1
Suppose -4*j = 3*r - 45704, -53*j + 50*j + 34285 = 4*r. What is the hundreds digit of j?
4
Let y(m) = m - 5 + 1 + 3*m + 3. Let a be y(10). Suppose z - 45 = -4*n, 4*n - 117 = -2*z - a. What is the units digit of z?
3
Let b(k) = 3*k**2 - 2*k + 9. Let j = 195 + -193. What is the tens digit of b(j)?
1
Suppose -4*z + z = 2*q - 1378, 3*q - 2*z = 2054. Let b = q - 89. Suppose 4*x - 3*a = b, -2*x + x - 5*a + 132 = 0. What is the tens digit of x?
4
Suppose -143740 = 251*g - 771742. What is the hundreds digit of g?
5
Suppose 455 = -4*d - 3*a, 0*a + 128 = -d + 4*a. What is the units digit of (1 - 4/1)*10788/d?
9
Let a(b) be the third derivative of 131*b**4/24 - 61*b**3/6 - 158*b**2. What is the thousands digit of a(12)?
1
Let l be -1 - ((-1)/(-1))/(-1). Let b = -520 - -524. Suppose l = 5*y + b*v - 1373, -3*y = 8*v - 7*v - 828. What is the tens digit of y?
7
Let i(d) = d + 17. Let u be 4/2 - (12 - 1). Let j be i(u). What is the units digit of 2/4 - (-4)/(j/5)?
3
Let o = -2238 + 1215. Let t = -31 - o. What is the tens digit of t?
9
Let u = -300 + 289. Let s = u - -387. What is the units digit of s?
6
Let l = 121866 + -71253. What is the units digit of l?
3
Suppose 0 = 5*u - 2*v - 5, 3*v - 4 = 4*u - 8*u. What is the tens digit of 31/(-31)*(u + 1 + -706)?
0
What is the units digit of ((-90399)/9)/((-122)/732)?
6
Suppose 4*s = -4*c, 4*s + 6 - 1 = -5*c. Let b be ((-49)/35)/7 - (-576)/s. Suppose 16 + b = y. What is the tens digit of y?
3
Let t(a) = a**3 + 5*a**2 + a + 9. Let y be t(-5). Suppose -5*o = -u - 3520, o - 2*o = y*u - 683. What is the hundreds digit of o?
7
Let f(r) = 97*r**3 - 5*r + 28. What is the hundreds digit of f(5)?
1
Suppose -10*s = -0*s - 110. Suppose -16*w = -s*w - 930. What is the hundreds digit of w?
1
Let x be 667 + -11 + 4*3/3. Suppose 2*m - 970 = p + 353, -m + x = p. What is the tens digit of m?
6
Let j be (-8)/8*(281 - 3). Let p = 859 + j. What is the hundreds digit of p?
5
Let s(d) = -561*d + 1480. What is the hundreds digit of s(-17)?
0
Suppose -4*q = 16*u - 12*u - 15516, -3*u + 11643 = 4*q. What is the hundreds digit of u?
8
Let q be (14 - -6)*1196/10. Suppose 4*x = f + 1907, 5*x - 16*f + 12*f = q. What is the units digit of x?
6
Let n(w) = 2*w**3 - 33*w**2 + 14*w - 40. Let p be n(16). What is the tens digit of (p/5)/(-8 - 38/(-5))?
3
Suppose 3*v = 5*t, 6*v + t = 3*v + 18. Suppose v*f + 2317 = 3*y, -6 = 5*f + 19. What is the hundreds digit of y?
7
Suppose m = -12 + 9, 0 = -3*i + 3*m + 83943. What is the hundreds digit of i?
9
What is the thousands digit of (262 + 0)*65 + 18 + -12?
7
Let o(t) = t**2 - 5*t + 15. Let l be o(4). Suppose l*j - 474 = 5*j. What is the tens digit of j?
7
Let c(f) = -f**3 - 19*f**2 + 18*f - 36. Let d be c(-20). Suppose -d*l + 221 - 2152 = 5*k, 0 = -k + 5. What is the tens digit of ((-7)/(-4))/(-7) - l/4?
2
Let u(n) = -9011*n + 259. What is the hundreds digit of u(-2)?
2
Suppose -4*w = -2*w - 5*k + 4, 3*k = w + 3. Suppose -4*i = 5*f - 5, 13 = i - w*f - 1. Suppose 7*t - 5*t + 34 = g, -i*g = t - 192. What is the tens digit of g?
3
Let i = -672 - -1595. Suppose s = 3*o - o - i, -4*s = 5*o - 2340. What is the hundreds digit of o?
4
Let w(b) = -6*b - 19. Let o be w(-24). Suppose o = 5*v - d - 2*d, 5*v - d = 135. Let s = v + 53. What is the units digit of s?
1
Let d = 1512 - 889. Let z = d + -142. What is the tens digit of z?
8
Let t = -445 - -1778. What is the thousands digit of t?
1
Suppose 4*j - 4*r = 51912, -3*j = r + r - 38949. What is the thousands digit of j?
2
Let g be 416/(-64) + (-5)/(-2). What is the tens digit of (-42)/273 + (390032/(-52))/g?
7
Let o = 54943 + -22875. What is the tens digit of o?
6
Let k = 84 + -79. Suppose g + o = 4, -o - k = -4*g + 1. Suppose -4*c - 750 = -4*t - g*c, 4*t + 3*c = 725. What is the tens digit of t?
8
Suppose -5*m + 5*t = t - 87, 0 = -m + t + 18. Let j(f) = 0 + m*f + 3*f - 2 + 2*f. What is the tens digit of j(6)?
1
Suppose -3*g + 3*z = -1983, 5*g - 3355 = -3*z - 2*z. Let i = 1009 - g. What is the units digit of i?
3
Suppose 4*v - 5 + 9 = 0. Let r(u) = -325*u**3 - 4*u**2 + 2. What is the units digit of r(v)?
3
Let t be (-6)/(-4)*1090/15. Suppose t = f + 11. Suppose 0 = 4*k - 4*a - f - 18, 5*k - 121 = -a. What is the tens digit of k?
2
Let o(t) = 3*t - 23. Let n(w) = w - 8. Let f(m) = -7*n(m) + 2*o(m). Let k be f(5). Let v(z) = -z**3 + 4*z**2 + 6*z + 1. What is the units digit of v(k)?
6
Let n be 38/4 + (-2)/(-4). Let v(y) = 4*y - 38. Let h be v(n). Suppose 0 = h*f, -2*i + 173 = 3*f + 51. What is the tens digit of i?
6
Suppose 0 = -4*w + 4*r + 24, 2*r - 5*r = 3. Suppose -4*b + 90 = -2*z - 68, -5*b = -w*z - 185. What is the units digit of b?
2
Let r(w) = -15*w + 59. Let f be (70/40)/(1/4). Suppose k + 9 - 2 = 5*s, -k = -4*s + f. What is the units digit of r(k)?
4
Suppose -3*f - 1 = -4*u, -5*u - 10 = -0*u. Let m(k) = 39*k**2 + 5*k + 13. What is the tens digit of m(f)?
4
Let l be ((-108)/(-51) - 2) + 16097/17. Let a = l + -657. What is the tens digit of a?
9
Suppose 5*o + 153 = i + 2861, i + 3 = 0. Let p = o + -278. What is the units digit of p?
3
Let m be -150 - (6/(-24) + 10/8). Let t = m + 495. What is the hundreds digit of t?
3
Suppose 69*w = 294809 + 206153 + 135908. What is the units digit of w?
0
Let t = 8424 + 2917. What is the ten thousands digit of t?
1
Let u = -1336 + 16181. What is the ten thousands digit of u?
1
Suppose 0 = -5*t + 2*n + 131691 - 4746, -25367 = -t - 4*n. What is the tens digit of t?
8
What is the tens digit of (35/(2450/(-1848)))/(-1*4/3160